{"id":879,"date":"2011-01-31T13:50:52","date_gmt":"2011-01-31T12:50:52","guid":{"rendered":"https:\/\/hun.amaruq-chimo.eu\/?page_id=879"},"modified":"2021-12-05T16:07:32","modified_gmt":"2021-12-05T15:07:32","slug":"buszkesegeink","status":"publish","type":"page","link":"https:\/\/hun.amaruq-chimo.eu\/?page_id=879","title":{"rendered":"B\u00fcszkes\u00e9geink"},"content":{"rendered":"<h3 style=\"text-align: center;\"><span style=\"color: #000000;\">Ezen az oldalon saj\u00e1t teny\u00e9szt\u00e9s\u0171 kuty\u00e1imat szeretn\u00e9m bemutatni, akik kiemelked\u0151 eredm\u00e9nyeket \u00e9rtek el ki\u00e1ll\u00edt\u00e1sokon.<\/span><\/h3>\n<h3 style=\"text-align: center;\"><span style=\"color: #000000;\">Nagyon b\u00fcszke vagyok r\u00e1juk!!<\/span><\/h3>\n<p style=\"text-align: center;\"><a href=\"https:\/\/hun.amaruq-chimo.eu\/wp-content\/\/IZIS-0114.jpg\"><img loading=\"lazy\" decoding=\"async\" class=\"aligncenter wp-image-1935\" src=\"https:\/\/hun.amaruq-chimo.eu\/wp-content\/\/IZIS-0114.jpg\" alt=\"IZIS 01\" width=\"602\" height=\"299\" srcset=\"https:\/\/hun.amaruq-chimo.eu\/wp-content\/IZIS-0114.jpg 950w, https:\/\/hun.amaruq-chimo.eu\/wp-content\/IZIS-0114-300x149.jpg 300w\" sizes=\"auto, (max-width: 602px) 100vw, 602px\" \/><\/a><\/p>\n<p style=\"text-align: center;\"><a href=\"https:\/\/hun.amaruq-chimo.eu\/wp-content\/\/RAMSES-0112.jpg\"><img loading=\"lazy\" decoding=\"async\" class=\"aligncenter wp-image-2009\" src=\"https:\/\/hun.amaruq-chimo.eu\/wp-content\/\/RAMSES-0112.jpg\" alt=\"RAMSES 01\" width=\"602\" height=\"295\" srcset=\"https:\/\/hun.amaruq-chimo.eu\/wp-content\/RAMSES-0112.jpg 963w, https:\/\/hun.amaruq-chimo.eu\/wp-content\/RAMSES-0112-300x147.jpg 300w\" sizes=\"auto, (max-width: 602px) 100vw, 602px\" \/><\/a><\/p>\n<p style=\"text-align: center;\"><img loading=\"lazy\" decoding=\"async\" class=\"aligncenter  wp-image-6409\" src=\"https:\/\/hun.amaruq-chimo.eu\/wp-content\/\/DHANGADI-MAGY.9-1-1024x496.jpg\" alt=\"\" width=\"606\" height=\"293\" srcset=\"https:\/\/hun.amaruq-chimo.eu\/wp-content\/DHANGADI-MAGY.9-1-1024x496.jpg 1024w, https:\/\/hun.amaruq-chimo.eu\/wp-content\/DHANGADI-MAGY.9-1-300x145.jpg 300w, https:\/\/hun.amaruq-chimo.eu\/wp-content\/DHANGADI-MAGY.9-1-768x372.jpg 768w, https:\/\/hun.amaruq-chimo.eu\/wp-content\/DHANGADI-MAGY.9-1.jpg 1092w\" sizes=\"auto, (max-width: 606px) 100vw, 606px\" \/><\/p>\n<p style=\"text-align: center;\">&nbsp;<\/p>\n<p style=\"text-align: center;\"><img loading=\"lazy\" decoding=\"async\" class=\"aligncenter wp-image-4117\" src=\"https:\/\/hun.amaruq-chimo.eu\/wp-content\/\/hannib\u00e1l-magyhonl.-1.jpg\" alt=\"\" width=\"596\" height=\"295\" srcset=\"https:\/\/hun.amaruq-chimo.eu\/wp-content\/hannib\u00e1l-magyhonl.-1.jpg 894w, https:\/\/hun.amaruq-chimo.eu\/wp-content\/hannib\u00e1l-magyhonl.-1-300x149.jpg 300w, https:\/\/hun.amaruq-chimo.eu\/wp-content\/hannib\u00e1l-magyhonl.-1-768x381.jpg 768w\" sizes=\"auto, (max-width: 596px) 100vw, 596px\" \/>&nbsp;<\/p>\n<p style=\"text-align: center;\"><a href=\"https:\/\/hun.amaruq-chimo.eu\/wp-content\/\/TARA-magy3.jpg\"><img loading=\"lazy\" decoding=\"async\" class=\"aligncenter wp-image-2320\" src=\"https:\/\/hun.amaruq-chimo.eu\/wp-content\/\/TARA-magy3-1024x495.jpg\" alt=\"TARA magy\" width=\"602\" height=\"291\" srcset=\"https:\/\/hun.amaruq-chimo.eu\/wp-content\/TARA-magy3-1024x495.jpg 1024w, https:\/\/hun.amaruq-chimo.eu\/wp-content\/TARA-magy3-300x145.jpg 300w, https:\/\/hun.amaruq-chimo.eu\/wp-content\/TARA-magy3.jpg 1555w\" sizes=\"auto, (max-width: 602px) 100vw, 602px\" \/><\/a><\/p>\n<p style=\"text-align: center;\"><img loading=\"lazy\" decoding=\"async\" class=\"aligncenter wp-image-4097\" src=\"https:\/\/hun.amaruq-chimo.eu\/wp-content\/\/OP\u00c1LMAGY.jpg\" alt=\"\" width=\"602\" height=\"291\" srcset=\"https:\/\/hun.amaruq-chimo.eu\/wp-content\/OP\u00c1LMAGY.jpg 629w, https:\/\/hun.amaruq-chimo.eu\/wp-content\/OP\u00c1LMAGY-300x145.jpg 300w\" sizes=\"auto, (max-width: 602px) 100vw, 602px\" \/><\/p>\n<p style=\"text-align: center;\"><a href=\"https:\/\/hun.amaruq-chimo.eu\/wp-content\/\/SHAOLINMAGY1.jpg\"><img loading=\"lazy\" decoding=\"async\" class=\"aligncenter wp-image-3265\" src=\"https:\/\/hun.amaruq-chimo.eu\/wp-content\/\/SHAOLINMAGY1-1024x480.jpg\" alt=\"SHAOLINMAGY\" width=\"602\" height=\"282\" srcset=\"https:\/\/hun.amaruq-chimo.eu\/wp-content\/SHAOLINMAGY1-1024x480.jpg 1024w, https:\/\/hun.amaruq-chimo.eu\/wp-content\/SHAOLINMAGY1-300x140.jpg 300w, https:\/\/hun.amaruq-chimo.eu\/wp-content\/SHAOLINMAGY1.jpg 1511w\" sizes=\"auto, (max-width: 602px) 100vw, 602px\" \/><\/a><\/p>\n<p style=\"text-align: center;\"><img loading=\"lazy\" decoding=\"async\" class=\"aligncenter wp-image-3606\" src=\"https:\/\/hun.amaruq-chimo.eu\/wp-content\/\/MAOMAGYAR-1-1024x476.jpg\" alt=\"\" width=\"602\" height=\"280\" srcset=\"https:\/\/hun.amaruq-chimo.eu\/wp-content\/MAOMAGYAR-1-1024x476.jpg 1024w, https:\/\/hun.amaruq-chimo.eu\/wp-content\/MAOMAGYAR-1-300x139.jpg 300w, https:\/\/hun.amaruq-chimo.eu\/wp-content\/MAOMAGYAR-1-768x357.jpg 768w, https:\/\/hun.amaruq-chimo.eu\/wp-content\/MAOMAGYAR-1.jpg 1688w\" sizes=\"auto, (max-width: 602px) 100vw, 602px\" \/>&nbsp;<\/p>\n<p style=\"text-align: center;\"><a href=\"https:\/\/hun.amaruq-chimo.eu\/wp-content\/\/KUNDUN-MAGY..jpg\"><img loading=\"lazy\" decoding=\"async\" class=\"aligncenter wp-image-2994\" src=\"https:\/\/hun.amaruq-chimo.eu\/wp-content\/\/KUNDUN-MAGY.-1024x475.jpg\" alt=\"KUNDUN MAGY.\" width=\"602\" height=\"279\" srcset=\"https:\/\/hun.amaruq-chimo.eu\/wp-content\/KUNDUN-MAGY.-1024x475.jpg 1024w, https:\/\/hun.amaruq-chimo.eu\/wp-content\/KUNDUN-MAGY.-300x139.jpg 300w, https:\/\/hun.amaruq-chimo.eu\/wp-content\/KUNDUN-MAGY..jpg 1688w\" sizes=\"auto, (max-width: 602px) 100vw, 602px\" \/><\/a><\/p>\n<p style=\"text-align: center;\"><a href=\"https:\/\/hun.amaruq-chimo.eu\/wp-content\/\/szultanmagy.6.jpg\"><img loading=\"lazy\" decoding=\"async\" class=\"aligncenter wp-image-3420\" src=\"https:\/\/hun.amaruq-chimo.eu\/wp-content\/\/szultanmagy.6-1024x498.jpg\" alt=\"szultanmagy.\" width=\"602\" height=\"293\" srcset=\"https:\/\/hun.amaruq-chimo.eu\/wp-content\/szultanmagy.6-1024x498.jpg 1024w, https:\/\/hun.amaruq-chimo.eu\/wp-content\/szultanmagy.6-300x146.jpg 300w, https:\/\/hun.amaruq-chimo.eu\/wp-content\/szultanmagy.6.jpg 1354w\" sizes=\"auto, (max-width: 602px) 100vw, 602px\" \/><\/a><\/p>\n<p style=\"text-align: center;\"><a href=\"https:\/\/hun.amaruq-chimo.eu\/wp-content\/\/SHEENAMAGY2.jpg\"><img loading=\"lazy\" decoding=\"async\" class=\"aligncenter wp-image-3017\" src=\"https:\/\/hun.amaruq-chimo.eu\/wp-content\/\/SHEENAMAGY2-1024x487.jpg\" alt=\"SHEENAMAGY\" width=\"602\" height=\"287\" srcset=\"https:\/\/hun.amaruq-chimo.eu\/wp-content\/SHEENAMAGY2-1024x487.jpg 1024w, https:\/\/hun.amaruq-chimo.eu\/wp-content\/SHEENAMAGY2-300x142.jpg 300w, https:\/\/hun.amaruq-chimo.eu\/wp-content\/SHEENAMAGY2.jpg 1439w\" sizes=\"auto, (max-width: 602px) 100vw, 602px\" \/><\/a><\/p>\n<p style=\"text-align: center;\"><a href=\"https:\/\/hun.amaruq-chimo.eu\/wp-content\/\/HARITI-MAGY1.jpg\"><img loading=\"lazy\" decoding=\"async\" class=\"aligncenter wp-image-2327\" src=\"https:\/\/hun.amaruq-chimo.eu\/wp-content\/\/HARITI-MAGY1-1024x539.jpg\" alt=\"HARITI MAGY\" width=\"602\" height=\"316\" srcset=\"https:\/\/hun.amaruq-chimo.eu\/wp-content\/HARITI-MAGY1-1024x539.jpg 1024w, https:\/\/hun.amaruq-chimo.eu\/wp-content\/HARITI-MAGY1-300x157.jpg 300w, https:\/\/hun.amaruq-chimo.eu\/wp-content\/HARITI-MAGY1.jpg 1092w\" sizes=\"auto, (max-width: 602px) 100vw, 602px\" \/><\/a><\/p>\n<p style=\"text-align: center;\"><img loading=\"lazy\" decoding=\"async\" class=\"aligncenter wp-image-3607\" src=\"https:\/\/hun.amaruq-chimo.eu\/wp-content\/\/ILHAMMAGY-1-1024x497.jpg\" alt=\"\" width=\"602\" height=\"292\" srcset=\"https:\/\/hun.amaruq-chimo.eu\/wp-content\/ILHAMMAGY-1-1024x497.jpg 1024w, https:\/\/hun.amaruq-chimo.eu\/wp-content\/ILHAMMAGY-1-300x146.jpg 300w, https:\/\/hun.amaruq-chimo.eu\/wp-content\/ILHAMMAGY-1-768x373.jpg 768w, https:\/\/hun.amaruq-chimo.eu\/wp-content\/ILHAMMAGY-1.jpg 1479w\" sizes=\"auto, (max-width: 602px) 100vw, 602px\" \/><\/p>\n<p style=\"text-align: center;\"><img loading=\"lazy\" decoding=\"async\" class=\"aligncenter wp-image-4096\" src=\"https:\/\/hun.amaruq-chimo.eu\/wp-content\/\/BONNYMAGY-1.jpg\" alt=\"\" width=\"602\" height=\"294\" srcset=\"https:\/\/hun.amaruq-chimo.eu\/wp-content\/BONNYMAGY-1.jpg 970w, https:\/\/hun.amaruq-chimo.eu\/wp-content\/BONNYMAGY-1-300x147.jpg 300w, https:\/\/hun.amaruq-chimo.eu\/wp-content\/BONNYMAGY-1-768x375.jpg 768w\" sizes=\"auto, (max-width: 602px) 100vw, 602px\" \/>&nbsp;&nbsp;<\/p>\n<p style=\"text-align: center;\"><img loading=\"lazy\" decoding=\"async\" class=\"aligncenter wp-image-3608\" src=\"https:\/\/hun.amaruq-chimo.eu\/wp-content\/\/pandamagy-1-1024x477.jpg\" alt=\"\" width=\"602\" height=\"281\" srcset=\"https:\/\/hun.amaruq-chimo.eu\/wp-content\/pandamagy-1-1024x477.jpg 1024w, https:\/\/hun.amaruq-chimo.eu\/wp-content\/pandamagy-1-300x140.jpg 300w, https:\/\/hun.amaruq-chimo.eu\/wp-content\/pandamagy-1-768x358.jpg 768w, https:\/\/hun.amaruq-chimo.eu\/wp-content\/pandamagy-1.jpg 1195w\" sizes=\"auto, (max-width: 602px) 100vw, 602px\" \/><\/p>\n<p style=\"text-align: center;\"><img loading=\"lazy\" decoding=\"async\" class=\"aligncenter wp-image-3609\" src=\"https:\/\/hun.amaruq-chimo.eu\/wp-content\/\/PEMAMAGY-1024x449.jpg\" alt=\"\" width=\"602\" height=\"264\" srcset=\"https:\/\/hun.amaruq-chimo.eu\/wp-content\/PEMAMAGY-1024x449.jpg 1024w, https:\/\/hun.amaruq-chimo.eu\/wp-content\/PEMAMAGY-300x131.jpg 300w, https:\/\/hun.amaruq-chimo.eu\/wp-content\/PEMAMAGY-768x337.jpg 768w\" sizes=\"auto, (max-width: 602px) 100vw, 602px\" \/><\/p>\n<p style=\"text-align: center;\"><img loading=\"lazy\" decoding=\"async\" class=\"aligncenter wp-image-4118\" src=\"https:\/\/hun.amaruq-chimo.eu\/wp-content\/\/NADINMAGY-1.jpg\" alt=\"\" width=\"593\" height=\"251\" srcset=\"https:\/\/hun.amaruq-chimo.eu\/wp-content\/NADINMAGY-1.jpg 1595w, https:\/\/hun.amaruq-chimo.eu\/wp-content\/NADINMAGY-1-300x127.jpg 300w, https:\/\/hun.amaruq-chimo.eu\/wp-content\/NADINMAGY-1-768x325.jpg 768w, https:\/\/hun.amaruq-chimo.eu\/wp-content\/NADINMAGY-1-1024x433.jpg 1024w\" sizes=\"auto, (max-width: 593px) 100vw, 593px\" \/>&nbsp;&nbsp;<\/p>\n<p style=\"text-align: center;\"><a href=\"https:\/\/hun.amaruq-chimo.eu\/wp-content\/\/hamiah-magy3.jpg\"><img loading=\"lazy\" decoding=\"async\" class=\"aligncenter wp-image-3264\" src=\"https:\/\/hun.amaruq-chimo.eu\/wp-content\/\/hamiah-magy3-1024x440.jpg\" alt=\"hamiah magy\" width=\"602\" height=\"259\" srcset=\"https:\/\/hun.amaruq-chimo.eu\/wp-content\/hamiah-magy3-1024x440.jpg 1024w, https:\/\/hun.amaruq-chimo.eu\/wp-content\/hamiah-magy3-300x128.jpg 300w, https:\/\/hun.amaruq-chimo.eu\/wp-content\/hamiah-magy3.jpg 1689w\" sizes=\"auto, (max-width: 602px) 100vw, 602px\" \/><\/a><\/p>\n<p style=\"text-align: center;\"><a href=\"https:\/\/hun.amaruq-chimo.eu\/wp-content\/\/T\u00dcNCI-magy1.jpg\"><img loading=\"lazy\" decoding=\"async\" class=\"aligncenter wp-image-1728\" title=\"T\u00dcNCI magy\" src=\"https:\/\/hun.amaruq-chimo.eu\/wp-content\/\/T\u00dcNCI-magy1.jpg\" alt=\"\" width=\"602\" height=\"280\" srcset=\"https:\/\/hun.amaruq-chimo.eu\/wp-content\/T\u00dcNCI-magy1.jpg 1462w, https:\/\/hun.amaruq-chimo.eu\/wp-content\/T\u00dcNCI-magy1-300x139.jpg 300w, https:\/\/hun.amaruq-chimo.eu\/wp-content\/T\u00dcNCI-magy1-1024x475.jpg 1024w\" sizes=\"auto, (max-width: 602px) 100vw, 602px\" \/><\/a><\/p>\n","protected":false},"excerpt":{"rendered":"<p>Ezen az oldalon saj\u00e1t teny\u00e9szt\u00e9s\u0171 kuty\u00e1imat szeretn\u00e9m bemutatni, akik kiemelked\u0151 eredm\u00e9nyeket \u00e9rtek el ki\u00e1ll\u00edt\u00e1sokon. Nagyon b\u00fcszke vagyok r\u00e1juk!! &nbsp; &nbsp; &nbsp; &nbsp;&nbsp; &nbsp;&nbsp;<\/p>\n","protected":false},"author":2,"featured_media":0,"parent":0,"menu_order":5,"comment_status":"open","ping_status":"open","template":"","meta":{"ngg_post_thumbnail":0,"footnotes":""},"class_list":["post-879","page","type-page","status-publish","hentry"],"_links":{"self":[{"href":"https:\/\/hun.amaruq-chimo.eu\/index.php?rest_route=\/wp\/v2\/pages\/879","targetHints":{"allow":["GET"]}}],"collection":[{"href":"https:\/\/hun.amaruq-chimo.eu\/index.php?rest_route=\/wp\/v2\/pages"}],"about":[{"href":"https:\/\/hun.amaruq-chimo.eu\/index.php?rest_route=\/wp\/v2\/types\/page"}],"author":[{"embeddable":true,"href":"https:\/\/hun.amaruq-chimo.eu\/index.php?rest_route=\/wp\/v2\/users\/2"}],"replies":[{"embeddable":true,"href":"https:\/\/hun.amaruq-chimo.eu\/index.php?rest_route=%2Fwp%2Fv2%2Fcomments&post=879"}],"version-history":[{"count":66,"href":"https:\/\/hun.amaruq-chimo.eu\/index.php?rest_route=\/wp\/v2\/pages\/879\/revisions"}],"predecessor-version":[{"id":6410,"href":"https:\/\/hun.amaruq-chimo.eu\/index.php?rest_route=\/wp\/v2\/pages\/879\/revisions\/6410"}],"wp:attachment":[{"href":"https:\/\/hun.amaruq-chimo.eu\/index.php?rest_route=%2Fwp%2Fv2%2Fmedia&parent=879"}],"curies":[{"name":"wp","href":"https:\/\/api.w.org\/{rel}","templated":true}]}}