{"id":68,"date":"2009-10-01T22:32:28","date_gmt":"2009-10-01T22:32:28","guid":{"rendered":"http:\/\/amaruq-chimo.com\/?page_id=68"},"modified":"2020-12-20T23:10:10","modified_gmt":"2020-12-20T22:10:10","slug":"saba-karma-dzsimpas-do-khyi-chen-po-szuka","status":"publish","type":"page","link":"https:\/\/hun.amaruq-chimo.eu\/?page_id=68","title":{"rendered":"S\u00c1BA (KARMA DZSIMPA&#8217;S DO-KHYI CHEN-PO) &quot;SZUKA&quot;"},"content":{"rendered":"<table style=\"text-align: center;\" border=\"0\" width=\"100%\">\n<tbody>\n<tr>\n<td style=\"text-align: center;\">\n<h2 style=\"font-size: 1.5em; text-align: center;\"><span style=\"color: #800000;\"><strong><img loading=\"lazy\" decoding=\"async\" class=\"aligncenter size-full wp-image-872\" src=\"https:\/\/hun.amaruq-chimo.eu\/wp-content\/\/pedigele.gif\" alt=\"\" width=\"68\" height=\"97\"><span style=\"color: #000000;\"><a href=\"https:\/\/hun.amaruq-chimo.eu\/wp-content\/\/S\u00e1ba-t\u00f6rzsk\u00f6nyv-1024x744.jpg\" target=\"_blank\" rel=\"noopener noreferrer\"><span style=\"color: #000000;\"><strong style=\"font-weight: bold;\">Pedigree \/ T\u00f6rzsk\u00f6nyv<\/strong><\/span><\/a><\/span><\/strong><\/span><\/h2>\n<\/td>\n<td>\n<h2 style=\"font-size: 1.5em;\"><span style=\"color: #800000;\"><strong><img loading=\"lazy\" decoding=\"async\" class=\"aligncenter size-full wp-image-872\" style=\"display: block; margin-left: auto; margin-right: auto; border: 0px initial initial;\" src=\"https:\/\/hun.amaruq-chimo.eu\/wp-content\/\/serleg.gif\" alt=\"pedigele\" width=\"80\" height=\"100\"><span style=\"color: #000000;\"><a href=\"https:\/\/hun.amaruq-chimo.eu\/?page_id=22#saba\" target=\"_blank\" rel=\"noopener noreferrer\"><span style=\"color: #000000;\">Eredm\u00e9nyei<\/span><\/a><\/span><\/strong><\/span><\/h2>\n<\/td>\n<\/tr>\n<\/tbody>\n<\/table>\n<h2><span style=\"color: #000000;\">Sz\u00fcletett: 2008.01.04.<\/span><\/h2>\n<h2><span style=\"color: #000000;\">Meghalt: 2017.05.30.&nbsp;<img loading=\"lazy\" decoding=\"async\" class=\"alignnone size-full wp-image-3710\" src=\"https:\/\/hun.amaruq-chimo.eu\/wp-content\/\/799095.gif\" alt=\"\" width=\"50\" height=\"60\"><\/span><\/h2>\n<h2><span style=\"color: #000000;\">Magass\u00e1g: 67 cm<\/span><\/h2>\n<h2><span style=\"color: #000000;\">S\u00faly: 48 kg<\/span><\/h2>\n<p style=\"text-align: center;\"><img loading=\"lazy\" decoding=\"async\" class=\"alignnone wp-image-756\" src=\"https:\/\/hun.amaruq-chimo.eu\/wp-content\/\/2010_1101S\u00cdVA0026.jpg\" alt=\"\" width=\"390\" height=\"292\" srcset=\"https:\/\/hun.amaruq-chimo.eu\/wp-content\/2010_1101S\u00cdVA0026.jpg 640w, https:\/\/hun.amaruq-chimo.eu\/wp-content\/2010_1101S\u00cdVA0026-300x225.jpg 300w\" sizes=\"auto, (max-width: 390px) 100vw, 390px\" \/><\/p>\n<p>&nbsp;<\/p>\nngg_shortcode_0_placeholder\n<h2>&nbsp;<\/h2>\n","protected":false},"excerpt":{"rendered":"<p>Pedigree \/ T\u00f6rzsk\u00f6nyv Eredm\u00e9nyei Sz\u00fcletett: 2008.01.04. Meghalt: 2017.05.30.&nbsp; Magass\u00e1g: 67 cm S\u00faly: 48 kg &nbsp; &nbsp;<\/p>\n","protected":false},"author":2,"featured_media":0,"parent":6,"menu_order":0,"comment_status":"open","ping_status":"open","template":"","meta":{"ngg_post_thumbnail":0,"footnotes":""},"class_list":["post-68","page","type-page","status-publish","hentry"],"_links":{"self":[{"href":"https:\/\/hun.amaruq-chimo.eu\/index.php?rest_route=\/wp\/v2\/pages\/68","targetHints":{"allow":["GET"]}}],"collection":[{"href":"https:\/\/hun.amaruq-chimo.eu\/index.php?rest_route=\/wp\/v2\/pages"}],"about":[{"href":"https:\/\/hun.amaruq-chimo.eu\/index.php?rest_route=\/wp\/v2\/types\/page"}],"author":[{"embeddable":true,"href":"https:\/\/hun.amaruq-chimo.eu\/index.php?rest_route=\/wp\/v2\/users\/2"}],"replies":[{"embeddable":true,"href":"https:\/\/hun.amaruq-chimo.eu\/index.php?rest_route=%2Fwp%2Fv2%2Fcomments&post=68"}],"version-history":[{"count":18,"href":"https:\/\/hun.amaruq-chimo.eu\/index.php?rest_route=\/wp\/v2\/pages\/68\/revisions"}],"predecessor-version":[{"id":4552,"href":"https:\/\/hun.amaruq-chimo.eu\/index.php?rest_route=\/wp\/v2\/pages\/68\/revisions\/4552"}],"up":[{"embeddable":true,"href":"https:\/\/hun.amaruq-chimo.eu\/index.php?rest_route=\/wp\/v2\/pages\/6"}],"wp:attachment":[{"href":"https:\/\/hun.amaruq-chimo.eu\/index.php?rest_route=%2Fwp%2Fv2%2Fmedia&parent=68"}],"curies":[{"name":"wp","href":"https:\/\/api.w.org\/{rel}","templated":true}]}}