{"id":6477,"date":"2022-03-10T08:22:02","date_gmt":"2022-03-10T07:22:02","guid":{"rendered":"https:\/\/hun.amaruq-chimo.eu\/?page_id=6477"},"modified":"2023-12-02T17:02:34","modified_gmt":"2023-12-02T16:02:34","slug":"szolon","status":"publish","type":"page","link":"https:\/\/hun.amaruq-chimo.eu\/?page_id=6477","title":{"rendered":"Szol\u00f3n"},"content":{"rendered":"<table style=\"text-align: center;\" border=\"0\" width=\"100%\">\n<tbody>\n<tr>\n<td style=\"text-align: center;\">\n<h2 style=\"font-size: 1.5em; text-align: center;\"><span style=\"color: #800000;\"><strong><img loading=\"lazy\" decoding=\"async\" style=\"display: block; margin-left: auto; margin-right: auto; border: 0px initial initial;\" src=\"https:\/\/hun.amaruq-chimo.eu\/wp-content\/\/pedigele.gif\" alt=\"pedigele\" width=\"68\" height=\"97\"><\/strong><\/span><a href=\"https:\/\/hun.amaruq-chimo.eu\/wp-content\/\/Szol\u00f3n-t\u00f6rzsk\u00f6nyv1.jpg\"><span style=\"color: #000000;\">Pedigree \/ T\u00f6rzsk\u00f6nyv<\/span><\/a><\/h2>\n<\/td>\n<td>\n<h2 style=\"font-size: 1.5em;\"><span style=\"color: #800000;\"><strong><img loading=\"lazy\" decoding=\"async\" class=\"aligncenter size-full wp-image-872\" style=\"display: block; margin-left: auto; margin-right: auto; border: 0px initial initial;\" src=\"https:\/\/hun.amaruq-chimo.eu\/wp-content\/\/serleg.gif\" alt=\"pedigele\" width=\"80\" height=\"100\"><a href=\"https:\/\/hun.amaruq-chimo.eu\/?page_id=22#szolon\" target=\"_blank\" rel=\"noopener noreferrer\"><span style=\"color: #000000;\">Eredm\u00e9nyei<\/span><\/a><\/strong><\/span><\/h2>\n<\/td>\n<\/tr>\n<\/tbody>\n<\/table>\n<h2><span style=\"color: #000000;\">Sz\u00fcletett: 2021.12.23.<\/span><\/h2>\n<h2><span style=\"color: #000000;\">Magass\u00e1g: 80cm<\/span><\/h2>\n<h2><span style=\"color: #000000;\">S\u00faly: 70kg<\/span><\/h2>\n<p><img loading=\"lazy\" decoding=\"async\" class=\"aligncenter wp-image-6714\" src=\"https:\/\/hun.amaruq-chimo.eu\/wp-content\/\/received_557783576146665-695x1024.jpeg\" alt=\"\" width=\"300\" height=\"442\" srcset=\"https:\/\/hun.amaruq-chimo.eu\/wp-content\/received_557783576146665-695x1024.jpeg 695w, https:\/\/hun.amaruq-chimo.eu\/wp-content\/received_557783576146665-204x300.jpeg 204w, https:\/\/hun.amaruq-chimo.eu\/wp-content\/received_557783576146665-768x1132.jpeg 768w, https:\/\/hun.amaruq-chimo.eu\/wp-content\/received_557783576146665.jpeg 1076w\" sizes=\"auto, (max-width: 300px) 100vw, 300px\" \/><\/p>\n<p style=\"text-align: center;\">&nbsp;<\/p>\nngg_shortcode_0_placeholder\n","protected":false},"excerpt":{"rendered":"<p>Pedigree \/ T\u00f6rzsk\u00f6nyv Eredm\u00e9nyei Sz\u00fcletett: 2021.12.23. Magass\u00e1g: 80cm S\u00faly: 70kg &nbsp;<\/p>\n","protected":false},"author":2,"featured_media":0,"parent":0,"menu_order":0,"comment_status":"closed","ping_status":"closed","template":"","meta":{"ngg_post_thumbnail":0,"footnotes":""},"class_list":["post-6477","page","type-page","status-publish","hentry"],"_links":{"self":[{"href":"https:\/\/hun.amaruq-chimo.eu\/index.php?rest_route=\/wp\/v2\/pages\/6477","targetHints":{"allow":["GET"]}}],"collection":[{"href":"https:\/\/hun.amaruq-chimo.eu\/index.php?rest_route=\/wp\/v2\/pages"}],"about":[{"href":"https:\/\/hun.amaruq-chimo.eu\/index.php?rest_route=\/wp\/v2\/types\/page"}],"author":[{"embeddable":true,"href":"https:\/\/hun.amaruq-chimo.eu\/index.php?rest_route=\/wp\/v2\/users\/2"}],"replies":[{"embeddable":true,"href":"https:\/\/hun.amaruq-chimo.eu\/index.php?rest_route=%2Fwp%2Fv2%2Fcomments&post=6477"}],"version-history":[{"count":7,"href":"https:\/\/hun.amaruq-chimo.eu\/index.php?rest_route=\/wp\/v2\/pages\/6477\/revisions"}],"predecessor-version":[{"id":6807,"href":"https:\/\/hun.amaruq-chimo.eu\/index.php?rest_route=\/wp\/v2\/pages\/6477\/revisions\/6807"}],"wp:attachment":[{"href":"https:\/\/hun.amaruq-chimo.eu\/index.php?rest_route=%2Fwp%2Fv2%2Fmedia&parent=6477"}],"curies":[{"name":"wp","href":"https:\/\/api.w.org\/{rel}","templated":true}]}}