{"id":600,"date":"2010-06-17T21:10:32","date_gmt":"2010-06-17T20:10:32","guid":{"rendered":"https:\/\/hun.amaruq-chimo.eu\/?page_id=600"},"modified":"2020-01-26T12:39:02","modified_gmt":"2020-01-26T11:39:02","slug":"600-2","status":"publish","type":"page","link":"https:\/\/hun.amaruq-chimo.eu\/?page_id=600","title":{"rendered":""},"content":{"rendered":"<h1><span style=\"color: #000000;\">Kanok<\/span><\/h1>\n<h2 style=\"text-align: center;\"><span style=\"color: #ff0000;\">\u00c9rdekl\u0151dj\u00f6n telefonon vagy email-ben!<\/span><\/h2>\n<h1 style=\"text-align: center;\">&nbsp;<span style=\"color: #ff0000;\">&nbsp;<\/span><\/h1>\n<h1 style=\"text-align: center;\"><span style=\"color: #000000;\"><br \/>\n<\/span><\/h1>\n<h1 style=\"text-align: center;\"><span style=\"color: #000000;\"> &nbsp;<\/span><\/h1>\n<h1 style=\"text-align: center;\">&nbsp;<\/h1>\n<h1 style=\"text-align: center;\">&nbsp;<\/h1>\n<h1 style=\"text-align: center;\">&nbsp;<\/h1>\n<h1 style=\"text-align: center;\">&nbsp;<\/h1>\n<h2 style=\"text-align: center;\">&nbsp;<\/h2>\n<h2 style=\"text-align: center;\">&nbsp;<\/h2>\n<h2 style=\"text-align: center;\">&nbsp;<\/h2>\n<h2 style=\"text-align: center;\">&nbsp;<\/h2>\n<h1 style=\"text-align: center;\"><span style=\"color: #000000;\">&nbsp;<\/span><\/h1>\n<h2 style=\"text-align: center;\">&nbsp;<\/h2>\n<p>&nbsp;<\/p>\n<h2 style=\"text-align: center;\"><span style=\"color: #000000;\"><br \/>\n<\/span><\/h2>\n<h2 style=\"text-align: center;\"><span style=\"color: #000000;\"> <a href=\"https:\/\/hun.amaruq-chimo.eu\/wp-content\/\/POHORZ.jpg\"><br \/>\n<\/a><\/span><\/h2>\n<p>&nbsp;<\/p>\n<p style=\"text-align: center;\"><span style=\"color: #000000;\"><br \/>\n<\/span><\/p>\n<p style=\"text-align: center;\"><span style=\"color: #000000;\"><br \/>\n<\/span><\/p>\nngg_shortcode_0_placeholder\n","protected":false},"excerpt":{"rendered":"<p>Kanok \u00c9rdekl\u0151dj\u00f6n telefonon vagy email-ben! &nbsp;&nbsp; &nbsp; &nbsp; &nbsp; &nbsp; &nbsp; &nbsp; &nbsp; &nbsp; &nbsp; &nbsp; &nbsp; &nbsp; &nbsp;<\/p>\n","protected":false},"author":2,"featured_media":0,"parent":0,"menu_order":0,"comment_status":"open","ping_status":"open","template":"","meta":{"ngg_post_thumbnail":0,"footnotes":""},"class_list":["post-600","page","type-page","status-publish","hentry"],"_links":{"self":[{"href":"https:\/\/hun.amaruq-chimo.eu\/index.php?rest_route=\/wp\/v2\/pages\/600","targetHints":{"allow":["GET"]}}],"collection":[{"href":"https:\/\/hun.amaruq-chimo.eu\/index.php?rest_route=\/wp\/v2\/pages"}],"about":[{"href":"https:\/\/hun.amaruq-chimo.eu\/index.php?rest_route=\/wp\/v2\/types\/page"}],"author":[{"embeddable":true,"href":"https:\/\/hun.amaruq-chimo.eu\/index.php?rest_route=\/wp\/v2\/users\/2"}],"replies":[{"embeddable":true,"href":"https:\/\/hun.amaruq-chimo.eu\/index.php?rest_route=%2Fwp%2Fv2%2Fcomments&post=600"}],"version-history":[{"count":83,"href":"https:\/\/hun.amaruq-chimo.eu\/index.php?rest_route=\/wp\/v2\/pages\/600\/revisions"}],"predecessor-version":[{"id":4414,"href":"https:\/\/hun.amaruq-chimo.eu\/index.php?rest_route=\/wp\/v2\/pages\/600\/revisions\/4414"}],"wp:attachment":[{"href":"https:\/\/hun.amaruq-chimo.eu\/index.php?rest_route=%2Fwp%2Fv2%2Fmedia&parent=600"}],"curies":[{"name":"wp","href":"https:\/\/api.w.org\/{rel}","templated":true}]}}