{"id":599,"date":"2010-06-17T21:10:22","date_gmt":"2010-06-17T20:10:22","guid":{"rendered":"https:\/\/hun.amaruq-chimo.eu\/?page_id=599"},"modified":"2021-03-07T19:29:56","modified_gmt":"2021-03-07T18:29:56","slug":"599-2","status":"publish","type":"page","link":"https:\/\/hun.amaruq-chimo.eu\/?page_id=599","title":{"rendered":""},"content":{"rendered":"<h1 style=\"text-align: left;\">&nbsp;<span style=\"color: #000000;\">Szuk\u00e1k<\/span><\/h1>\n<h2 style=\"text-align: center;\"><span style=\"color: #ff0000;\">\u00c9rdekl\u0151dj\u00f6n telefonon vagy email-ben!<\/span><\/h2>\n<h1 style=\"text-align: left;\">&nbsp;<\/h1>\n<p>&nbsp;<\/p>\n<p>&nbsp;<\/p>\n<h1 style=\"text-align: center;\">&nbsp;<\/h1>\n<p>&nbsp;<\/p>\n<h1 style=\"text-align: center;\">&nbsp;<\/h1>\n<h1 style=\"text-align: center;\">&nbsp;<\/h1>\n<p>&nbsp;<\/p>\n<h1 style=\"text-align: center;\">&nbsp;<\/h1>\n<h1 style=\"text-align: center;\">&nbsp;<\/h1>\n<h1 style=\"text-align: center;\">&nbsp;<span style=\"color: #000000; font-size: 13px;\">&nbsp;<\/span><\/h1>\n<h1 style=\"text-align: center;\">&nbsp;<\/h1>\n<h1 style=\"text-align: center;\">&nbsp;<\/h1>\n<h1 style=\"text-align: center;\">&nbsp;<\/h1>\n<h1 style=\"text-align: center;\">&nbsp;<\/h1>\n<h1 style=\"text-align: center;\">&nbsp;<\/h1>\n<h1 style=\"text-align: center;\">&nbsp;<\/h1>\n<h1 style=\"text-align: center;\">&nbsp;<\/h1>\n<h1 style=\"text-align: center;\">&nbsp;<\/h1>\n<h1 style=\"text-align: center;\">&nbsp;<\/h1>\n<h1 style=\"text-align: center;\">&nbsp;<\/h1>\n<h1 style=\"text-align: center;\">&nbsp;<\/h1>\n<h1 style=\"text-align: center;\">&nbsp;<\/h1>\n<h1 style=\"text-align: center;\">&nbsp;<\/h1>\n<h2 style=\"text-align: center;\">&nbsp;<\/h2>\n<h1 style=\"text-align: center;\"><a href=\"https:\/\/hun.amaruq-chimo.eu\/wp-content\/\/LIANHORZ.jpg\">&nbsp;<\/a><\/h1>\n<h2 style=\"text-align: center;\"><a href=\"https:\/\/hun.amaruq-chimo.eu\/wp-content\/\/XINGHORZ.jpg\">&nbsp;<\/a><\/h2>\n<p style=\"text-align: center;\"><a href=\"https:\/\/hun.amaruq-chimo.eu\/wp-content\/\/NADINHORZ.jpg\">&nbsp;<\/a><\/p>\n<p style=\"text-align: center;\"><a href=\"https:\/\/hun.amaruq-chimo.eu\/wp-content\/\/YINHORZ.jpg\">&nbsp;<\/a><\/p>\n<p style=\"text-align: center;\">ngg_shortcode_0_placeholder<\/p>\n","protected":false},"excerpt":{"rendered":"<p>&nbsp;Szuk\u00e1k \u00c9rdekl\u0151dj\u00f6n telefonon vagy email-ben! &nbsp; &nbsp; &nbsp; &nbsp; &nbsp; &nbsp; &nbsp; &nbsp; &nbsp; &nbsp; &nbsp;&nbsp; &nbsp; &nbsp; &nbsp; &nbsp; &nbsp; &nbsp; &nbsp; &nbsp; &nbsp; &nbsp; &nbsp; &nbsp; &nbsp; &nbsp; &nbsp; &nbsp; &nbsp; &nbsp;<\/p>\n","protected":false},"author":2,"featured_media":0,"parent":0,"menu_order":0,"comment_status":"open","ping_status":"open","template":"","meta":{"ngg_post_thumbnail":0,"footnotes":""},"class_list":["post-599","page","type-page","status-publish","hentry"],"_links":{"self":[{"href":"https:\/\/hun.amaruq-chimo.eu\/index.php?rest_route=\/wp\/v2\/pages\/599","targetHints":{"allow":["GET"]}}],"collection":[{"href":"https:\/\/hun.amaruq-chimo.eu\/index.php?rest_route=\/wp\/v2\/pages"}],"about":[{"href":"https:\/\/hun.amaruq-chimo.eu\/index.php?rest_route=\/wp\/v2\/types\/page"}],"author":[{"embeddable":true,"href":"https:\/\/hun.amaruq-chimo.eu\/index.php?rest_route=\/wp\/v2\/users\/2"}],"replies":[{"embeddable":true,"href":"https:\/\/hun.amaruq-chimo.eu\/index.php?rest_route=%2Fwp%2Fv2%2Fcomments&post=599"}],"version-history":[{"count":139,"href":"https:\/\/hun.amaruq-chimo.eu\/index.php?rest_route=\/wp\/v2\/pages\/599\/revisions"}],"predecessor-version":[{"id":5595,"href":"https:\/\/hun.amaruq-chimo.eu\/index.php?rest_route=\/wp\/v2\/pages\/599\/revisions\/5595"}],"wp:attachment":[{"href":"https:\/\/hun.amaruq-chimo.eu\/index.php?rest_route=%2Fwp%2Fv2%2Fmedia&parent=599"}],"curies":[{"name":"wp","href":"https:\/\/api.w.org\/{rel}","templated":true}]}}