{"id":4246,"date":"2019-12-15T15:12:21","date_gmt":"2019-12-15T14:12:21","guid":{"rendered":"https:\/\/hun.amaruq-chimo.eu\/?page_id=4246"},"modified":"2019-12-15T16:36:06","modified_gmt":"2019-12-15T15:36:06","slug":"4246-2","status":"publish","type":"page","link":"https:\/\/hun.amaruq-chimo.eu\/?page_id=4246","title":{"rendered":""},"content":{"rendered":"<p><img loading=\"lazy\" decoding=\"async\" class=\"aligncenter  wp-image-4253\" src=\"https:\/\/hun.amaruq-chimo.eu\/wp-content\/\/o-alommagy-1.jpg\" alt=\"\" width=\"555\" height=\"185\" srcset=\"https:\/\/hun.amaruq-chimo.eu\/wp-content\/o-alommagy-1.jpg 864w, https:\/\/hun.amaruq-chimo.eu\/wp-content\/o-alommagy-1-300x100.jpg 300w, https:\/\/hun.amaruq-chimo.eu\/wp-content\/o-alommagy-1-768x256.jpg 768w\" sizes=\"auto, (max-width: 555px) 100vw, 555px\" \/><\/p>\n<h3>&nbsp;<\/h3>\n<h3 style=\"text-align: center;\"><span style=\"color: #000000;\">Amaruq-Chimo Dhebabrata&nbsp; &nbsp; &nbsp; &nbsp; &nbsp; &nbsp; Karma Dzsimpa&#8217;s Do-Khyi Mandala&nbsp; &nbsp;&nbsp;<\/span><\/h3>\n<p>&nbsp;<\/p>\n<h2 style=\"text-align: center;\"><span style=\"color: #ff0000;\">2019.12.07-\u00e9n megsz\u00fclettek<\/span><\/h2>\n<h2 style=\"text-align: center;\"><span style=\"color: #ff0000;\">a k\u00f6lyk\u00f6k<\/span><\/h2>\n<p><img loading=\"lazy\" decoding=\"async\" class=\"aligncenter  wp-image-4239\" src=\"https:\/\/hun.amaruq-chimo.eu\/wp-content\/\/PC119315.jpg\" alt=\"\" width=\"522\" height=\"254\" srcset=\"https:\/\/hun.amaruq-chimo.eu\/wp-content\/PC119315.jpg 1222w, https:\/\/hun.amaruq-chimo.eu\/wp-content\/PC119315-300x146.jpg 300w, https:\/\/hun.amaruq-chimo.eu\/wp-content\/PC119315-768x373.jpg 768w, https:\/\/hun.amaruq-chimo.eu\/wp-content\/PC119315-1024x497.jpg 1024w\" sizes=\"auto, (max-width: 522px) 100vw, 522px\" \/><\/p>\n<h2 style=\"text-align: center;\">&nbsp;<\/h2>\n<p>&nbsp;<\/p>\n<p>&nbsp;<\/p>\n<p>&nbsp;<\/p>\nngg_shortcode_0_placeholder\n","protected":false},"excerpt":{"rendered":"<p>&nbsp; Amaruq-Chimo Dhebabrata&nbsp; &nbsp; &nbsp; &nbsp; &nbsp; &nbsp; Karma Dzsimpa&#8217;s Do-Khyi Mandala&nbsp; &nbsp;&nbsp; &nbsp; 2019.12.07-\u00e9n megsz\u00fclettek a k\u00f6lyk\u00f6k &nbsp; &nbsp; &nbsp; &nbsp;<\/p>\n","protected":false},"author":2,"featured_media":0,"parent":0,"menu_order":0,"comment_status":"closed","ping_status":"closed","template":"","meta":{"ngg_post_thumbnail":0,"footnotes":""},"class_list":["post-4246","page","type-page","status-publish","hentry"],"_links":{"self":[{"href":"https:\/\/hun.amaruq-chimo.eu\/index.php?rest_route=\/wp\/v2\/pages\/4246","targetHints":{"allow":["GET"]}}],"collection":[{"href":"https:\/\/hun.amaruq-chimo.eu\/index.php?rest_route=\/wp\/v2\/pages"}],"about":[{"href":"https:\/\/hun.amaruq-chimo.eu\/index.php?rest_route=\/wp\/v2\/types\/page"}],"author":[{"embeddable":true,"href":"https:\/\/hun.amaruq-chimo.eu\/index.php?rest_route=\/wp\/v2\/users\/2"}],"replies":[{"embeddable":true,"href":"https:\/\/hun.amaruq-chimo.eu\/index.php?rest_route=%2Fwp%2Fv2%2Fcomments&post=4246"}],"version-history":[{"count":5,"href":"https:\/\/hun.amaruq-chimo.eu\/index.php?rest_route=\/wp\/v2\/pages\/4246\/revisions"}],"predecessor-version":[{"id":4254,"href":"https:\/\/hun.amaruq-chimo.eu\/index.php?rest_route=\/wp\/v2\/pages\/4246\/revisions\/4254"}],"wp:attachment":[{"href":"https:\/\/hun.amaruq-chimo.eu\/index.php?rest_route=%2Fwp%2Fv2%2Fmedia&parent=4246"}],"curies":[{"name":"wp","href":"https:\/\/api.w.org\/{rel}","templated":true}]}}