{"id":37,"date":"2009-10-01T22:16:07","date_gmt":"2009-10-01T22:16:07","guid":{"rendered":"http:\/\/amaruq-chimo.com\/?page_id=37"},"modified":"2018-11-10T12:20:47","modified_gmt":"2018-11-10T11:20:47","slug":"buddha-asrama-cheng-shi-kan","status":"publish","type":"page","link":"https:\/\/hun.amaruq-chimo.eu\/?page_id=37","title":{"rendered":"BUDDHA (ASRAMA CHENG-SHI) &quot;KAN&quot;"},"content":{"rendered":"<table style=\"text-align: center;\" border=\"0\" width=\"100%\">\n<tbody>\n<tr>\n<td style=\"text-align: center;\">\n<h2 style=\"font-size: 1.5em;\"><span style=\"color: #800000;\"><strong><img loading=\"lazy\" decoding=\"async\" class=\"aligncenter size-full wp-image-872\" style=\"display: block; margin-left: auto; margin-right: auto; border: 0px initial initial;\" src=\"https:\/\/hun.amaruq-chimo.eu\/wp-content\/\/pedigele.gif\" alt=\"pedigele\" width=\"68\" height=\"97\"><span style=\"color: #000000;\"><a href=\"https:\/\/hun.amaruq-chimo.eu\/wp-content\/\/Buddha-t\u00f6rzsk\u00f6nyv.jpg\" target=\"_blank\" rel=\"noopener noreferrer\"><span style=\"color: #000000;\">Pedigree \/ T\u00f6rzsk\u00f6nyv<\/span><\/a><\/span><\/strong><\/span><\/h2>\n<\/td>\n<td>\n<h2 style=\"font-size: 1.5em;\"><span style=\"color: #800000;\"><strong><img loading=\"lazy\" decoding=\"async\" class=\"aligncenter size-full wp-image-872\" style=\"display: block; margin-left: auto; margin-right: auto; border: 0px initial initial;\" src=\"https:\/\/hun.amaruq-chimo.eu\/wp-content\/\/serleg.gif\" alt=\"pedigele\" width=\"80\" height=\"100\"><span style=\"color: #000000;\"><a href=\"https:\/\/hun.amaruq-chimo.eu\/?page_id=22#buddha\" target=\"_blank\" rel=\"noopener noreferrer\"><span style=\"color: #000000;\">Eredm\u00e9nyei<\/span><\/a><\/span><\/strong><\/span><\/h2>\n<\/td>\n<\/tr>\n<\/tbody>\n<\/table>\n<h2 style=\"font-size: 1.5em; text-align: left;\"><span style=\"color: #800000;\"><br \/>\n<\/span><\/h2>\n<h2 style=\"text-align: left;\"><span style=\"color: #000000;\">Sz\u00fcletett: &nbsp;2008.01.12.<\/span><\/h2>\n<h2><span style=\"color: #000000;\">Meghalt: 2018.06.12.&nbsp; &nbsp;<img loading=\"lazy\" decoding=\"async\" class=\"alignnone size-full wp-image-3710\" src=\"https:\/\/hun.amaruq-chimo.eu\/wp-content\/\/799095.gif\" alt=\"\" width=\"50\" height=\"60\"><\/span><\/h2>\n<h2 style=\"text-align: left;\"><span style=\"color: #000000;\">Magass\u00e1g: &nbsp;74 cm<\/span><\/h2>\n<h2 style=\"text-align: left;\"><span style=\"color: #000000;\">S\u00faly: 62 kg<\/span><\/h2>\n<p style=\"text-align: left;\"><span style=\"color: #000000;\"><a href=\"https:\/\/hun.amaruq-chimo.eu\/wp-content\/\/2009_1220Buddha0043.jpg\"><img loading=\"lazy\" decoding=\"async\" class=\"aligncenter size-medium wp-image-720\" title=\"2009_1220Buddha0043\" src=\"https:\/\/hun.amaruq-chimo.eu\/wp-content\/\/2009_1220Buddha0043-225x300.jpg\" alt=\"2009_1220Buddha0043\" width=\"225\" height=\"300\" srcset=\"https:\/\/hun.amaruq-chimo.eu\/wp-content\/2009_1220Buddha0043-225x300.jpg 225w, https:\/\/hun.amaruq-chimo.eu\/wp-content\/2009_1220Buddha0043.jpg 480w\" sizes=\"auto, (max-width: 225px) 100vw, 225px\" \/><\/a><br \/>\n<\/span><\/p>\n<p style=\"text-align: left;\">ngg_shortcode_0_placeholder<\/p>\n<div style=\"text-align: left;\"><span style=\"font-size: 20px;\"><strong><br \/>\n<\/strong><\/span><\/div>\n","protected":false},"excerpt":{"rendered":"<p>Pedigree \/ T\u00f6rzsk\u00f6nyv Eredm\u00e9nyei Sz\u00fcletett: &nbsp;2008.01.12. Meghalt: 2018.06.12.&nbsp; &nbsp; Magass\u00e1g: &nbsp;74 cm S\u00faly: 62 kg<\/p>\n","protected":false},"author":2,"featured_media":0,"parent":6,"menu_order":0,"comment_status":"open","ping_status":"open","template":"","meta":{"ngg_post_thumbnail":0,"footnotes":""},"class_list":["post-37","page","type-page","status-publish","hentry"],"_links":{"self":[{"href":"https:\/\/hun.amaruq-chimo.eu\/index.php?rest_route=\/wp\/v2\/pages\/37","targetHints":{"allow":["GET"]}}],"collection":[{"href":"https:\/\/hun.amaruq-chimo.eu\/index.php?rest_route=\/wp\/v2\/pages"}],"about":[{"href":"https:\/\/hun.amaruq-chimo.eu\/index.php?rest_route=\/wp\/v2\/types\/page"}],"author":[{"embeddable":true,"href":"https:\/\/hun.amaruq-chimo.eu\/index.php?rest_route=\/wp\/v2\/users\/2"}],"replies":[{"embeddable":true,"href":"https:\/\/hun.amaruq-chimo.eu\/index.php?rest_route=%2Fwp%2Fv2%2Fcomments&post=37"}],"version-history":[{"count":26,"href":"https:\/\/hun.amaruq-chimo.eu\/index.php?rest_route=\/wp\/v2\/pages\/37\/revisions"}],"predecessor-version":[{"id":3712,"href":"https:\/\/hun.amaruq-chimo.eu\/index.php?rest_route=\/wp\/v2\/pages\/37\/revisions\/3712"}],"up":[{"embeddable":true,"href":"https:\/\/hun.amaruq-chimo.eu\/index.php?rest_route=\/wp\/v2\/pages\/6"}],"wp:attachment":[{"href":"https:\/\/hun.amaruq-chimo.eu\/index.php?rest_route=%2Fwp%2Fv2%2Fmedia&parent=37"}],"curies":[{"name":"wp","href":"https:\/\/api.w.org\/{rel}","templated":true}]}}