{"id":3624,"date":"2018-11-03T13:24:33","date_gmt":"2018-11-03T12:24:33","guid":{"rendered":"https:\/\/hun.amaruq-chimo.eu\/?page_id=3624"},"modified":"2018-11-06T18:49:08","modified_gmt":"2018-11-06T17:49:08","slug":"3624-2","status":"publish","type":"page","link":"https:\/\/hun.amaruq-chimo.eu\/?page_id=3624","title":{"rendered":""},"content":{"rendered":"<h2>&nbsp;<img loading=\"lazy\" decoding=\"async\" class=\"aligncenter wp-image-3655\" src=\"https:\/\/hun.amaruq-chimo.eu\/wp-content\/\/o-alommagy.jpg\" alt=\"\" width=\"477\" height=\"159\" srcset=\"https:\/\/hun.amaruq-chimo.eu\/wp-content\/o-alommagy.jpg 864w, https:\/\/hun.amaruq-chimo.eu\/wp-content\/o-alommagy-300x100.jpg 300w, https:\/\/hun.amaruq-chimo.eu\/wp-content\/o-alommagy-768x256.jpg 768w\" sizes=\"auto, (max-width: 477px) 100vw, 477px\" \/><\/h2>\n<h2>&nbsp;<\/h2>\n<h2><span style=\"color: #000000;\">Amaruq-Chimo Dhebabrata &nbsp; &nbsp; &nbsp; &nbsp; &nbsp; &nbsp;Karma Dzsimpa\u2019s Do-Khyi Mandala<\/span><\/h2>\n<h1 style=\"text-align: center;\">&nbsp;<\/h1>\n<h1 style=\"text-align: center;\"><span style=\"color: #ff0000;\">2018.10.31-\u00e9n megsz\u00fclettek<\/span><\/h1>\n<h1 style=\"text-align: center;\"><span style=\"color: #ff0000;\">a k\u00f6lyk\u00f6k<\/span><\/h1>\n<h2>&nbsp; &nbsp; &nbsp; &nbsp; &nbsp; &nbsp; &nbsp; &nbsp; &nbsp; &nbsp; &nbsp; &nbsp; &nbsp; &nbsp; &nbsp; &nbsp; &nbsp; &nbsp; &nbsp; &nbsp; &nbsp;<img loading=\"lazy\" decoding=\"async\" class=\"aligncenter wp-image-3632\" src=\"https:\/\/hun.amaruq-chimo.eu\/wp-content\/\/IMG_20181103_115422-e1541348732201-1024x540.jpg\" alt=\"\" width=\"466\" height=\"246\" srcset=\"https:\/\/hun.amaruq-chimo.eu\/wp-content\/IMG_20181103_115422-e1541348732201-1024x540.jpg 1024w, https:\/\/hun.amaruq-chimo.eu\/wp-content\/IMG_20181103_115422-e1541348732201-300x158.jpg 300w, https:\/\/hun.amaruq-chimo.eu\/wp-content\/IMG_20181103_115422-e1541348732201-768x405.jpg 768w\" sizes=\"auto, (max-width: 466px) 100vw, 466px\" \/> &nbsp; &nbsp; &nbsp;<\/h2>\n<p>&nbsp;<\/p>\n<p>&nbsp;<\/p>\n<p>&nbsp;<\/p>\n<p><strong>ngg_shortcode_0_placeholder<\/strong><\/p>\n","protected":false},"excerpt":{"rendered":"<p>&nbsp; &nbsp; Amaruq-Chimo Dhebabrata &nbsp; &nbsp; &nbsp; &nbsp; &nbsp; &nbsp;Karma Dzsimpa\u2019s Do-Khyi Mandala &nbsp; 2018.10.31-\u00e9n megsz\u00fclettek a k\u00f6lyk\u00f6k &nbsp; &nbsp; &nbsp; &nbsp; &nbsp; &nbsp; &nbsp; &nbsp; &nbsp; &nbsp; &nbsp; &nbsp; &nbsp; &nbsp; &nbsp; &nbsp; &nbsp; &nbsp; &nbsp; &nbsp; &nbsp; &nbsp; &nbsp; &nbsp; &nbsp; &nbsp; &nbsp;<\/p>\n","protected":false},"author":2,"featured_media":0,"parent":0,"menu_order":0,"comment_status":"closed","ping_status":"closed","template":"","meta":{"ngg_post_thumbnail":0,"footnotes":""},"class_list":["post-3624","page","type-page","status-publish","hentry"],"_links":{"self":[{"href":"https:\/\/hun.amaruq-chimo.eu\/index.php?rest_route=\/wp\/v2\/pages\/3624","targetHints":{"allow":["GET"]}}],"collection":[{"href":"https:\/\/hun.amaruq-chimo.eu\/index.php?rest_route=\/wp\/v2\/pages"}],"about":[{"href":"https:\/\/hun.amaruq-chimo.eu\/index.php?rest_route=\/wp\/v2\/types\/page"}],"author":[{"embeddable":true,"href":"https:\/\/hun.amaruq-chimo.eu\/index.php?rest_route=\/wp\/v2\/users\/2"}],"replies":[{"embeddable":true,"href":"https:\/\/hun.amaruq-chimo.eu\/index.php?rest_route=%2Fwp%2Fv2%2Fcomments&post=3624"}],"version-history":[{"count":20,"href":"https:\/\/hun.amaruq-chimo.eu\/index.php?rest_route=\/wp\/v2\/pages\/3624\/revisions"}],"predecessor-version":[{"id":3657,"href":"https:\/\/hun.amaruq-chimo.eu\/index.php?rest_route=\/wp\/v2\/pages\/3624\/revisions\/3657"}],"wp:attachment":[{"href":"https:\/\/hun.amaruq-chimo.eu\/index.php?rest_route=%2Fwp%2Fv2%2Fmedia&parent=3624"}],"curies":[{"name":"wp","href":"https:\/\/api.w.org\/{rel}","templated":true}]}}