{"id":2998,"date":"2015-04-23T14:43:55","date_gmt":"2015-04-23T13:43:55","guid":{"rendered":"https:\/\/hun.amaruq-chimo.eu\/?page_id=2998"},"modified":"2015-06-20T20:41:28","modified_gmt":"2015-06-20T19:41:28","slug":"2998-2","status":"publish","type":"page","link":"https:\/\/hun.amaruq-chimo.eu\/?page_id=2998","title":{"rendered":""},"content":{"rendered":"<p style=\"text-align: center;\"><a href=\"https:\/\/hun.amaruq-chimo.eu\/wp-content\/\/m-alommagy.jpg\"><img loading=\"lazy\" decoding=\"async\" class=\"aligncenter  wp-image-3006\" src=\"https:\/\/hun.amaruq-chimo.eu\/wp-content\/\/m-alommagy.jpg\" alt=\"m-alommagy\" width=\"658\" height=\"220\" srcset=\"https:\/\/hun.amaruq-chimo.eu\/wp-content\/m-alommagy.jpg 835w, https:\/\/hun.amaruq-chimo.eu\/wp-content\/m-alommagy-300x100.jpg 300w\" sizes=\"auto, (max-width: 658px) 100vw, 658px\" \/><\/a><\/p>\n<h2>\u00a0<span style=\"color: #000000;\"><a style=\"color: #000000;\" href=\"https:\/\/hun.amaruq-chimo.eu\/?page_id=683\">Karma Dzsimpa&#8217;s Do-Khyi Dharma<\/a> \u00a0 \u00a0 \u00a0 \u00a0 \u00a0 \u00a0 \u00a0 \u00a0 \u00a0 \u00a0 \u00a0 \u00a0 <a style=\"color: #000000;\" href=\"https:\/\/hun.amaruq-chimo.eu\/?page_id=37\">Asrama Cheng-Shi<\/a><\/span><\/h2>\n<p>&nbsp;<\/p>\n<p>&nbsp;<\/p>\n<h2 style=\"text-align: center;\"><span style=\"color: #ff0000;\">K\u00d6LYK\u00d6K MEGSZ\u00dcLETTEK 2015.05.24-\u00c9N<\/span><\/h2>\n<p><a href=\"https:\/\/hun.amaruq-chimo.eu\/wp-content\/\/2015_0524Malom0007.jpg\"><img loading=\"lazy\" decoding=\"async\" class=\"aligncenter  wp-image-3270\" src=\"https:\/\/hun.amaruq-chimo.eu\/wp-content\/\/2015_0524Malom0007-1024x768.jpg\" alt=\"OLYMPUS DIGITAL CAMERA\" width=\"497\" height=\"373\" srcset=\"https:\/\/hun.amaruq-chimo.eu\/wp-content\/2015_0524Malom0007-1024x768.jpg 1024w, https:\/\/hun.amaruq-chimo.eu\/wp-content\/2015_0524Malom0007-300x225.jpg 300w, https:\/\/hun.amaruq-chimo.eu\/wp-content\/2015_0524Malom0007.jpg 1280w\" sizes=\"auto, (max-width: 497px) 100vw, 497px\" \/><\/a><\/p>\n<p>&nbsp;<\/p>\n<p><strong>ngg_shortcode_0_placeholder<\/strong><\/p>\n","protected":false},"excerpt":{"rendered":"<p>\u00a0Karma Dzsimpa&#8217;s Do-Khyi Dharma \u00a0 \u00a0 \u00a0 \u00a0 \u00a0 \u00a0 \u00a0 \u00a0 \u00a0 \u00a0 \u00a0 \u00a0 Asrama Cheng-Shi &nbsp; &nbsp; K\u00d6LYK\u00d6K MEGSZ\u00dcLETTEK 2015.05.24-\u00c9N &nbsp;<\/p>\n","protected":false},"author":2,"featured_media":0,"parent":0,"menu_order":0,"comment_status":"open","ping_status":"open","template":"","meta":{"ngg_post_thumbnail":0,"footnotes":""},"class_list":["post-2998","page","type-page","status-publish","hentry"],"_links":{"self":[{"href":"https:\/\/hun.amaruq-chimo.eu\/index.php?rest_route=\/wp\/v2\/pages\/2998","targetHints":{"allow":["GET"]}}],"collection":[{"href":"https:\/\/hun.amaruq-chimo.eu\/index.php?rest_route=\/wp\/v2\/pages"}],"about":[{"href":"https:\/\/hun.amaruq-chimo.eu\/index.php?rest_route=\/wp\/v2\/types\/page"}],"author":[{"embeddable":true,"href":"https:\/\/hun.amaruq-chimo.eu\/index.php?rest_route=\/wp\/v2\/users\/2"}],"replies":[{"embeddable":true,"href":"https:\/\/hun.amaruq-chimo.eu\/index.php?rest_route=%2Fwp%2Fv2%2Fcomments&post=2998"}],"version-history":[{"count":11,"href":"https:\/\/hun.amaruq-chimo.eu\/index.php?rest_route=\/wp\/v2\/pages\/2998\/revisions"}],"predecessor-version":[{"id":3307,"href":"https:\/\/hun.amaruq-chimo.eu\/index.php?rest_route=\/wp\/v2\/pages\/2998\/revisions\/3307"}],"wp:attachment":[{"href":"https:\/\/hun.amaruq-chimo.eu\/index.php?rest_route=%2Fwp%2Fv2%2Fmedia&parent=2998"}],"curies":[{"name":"wp","href":"https:\/\/api.w.org\/{rel}","templated":true}]}}