{"id":12,"date":"2009-06-22T10:52:04","date_gmt":"2009-06-22T10:52:04","guid":{"rendered":"http:\/\/amaruq-chimo.com\/?page_id=12"},"modified":"2023-06-19T20:06:37","modified_gmt":"2023-06-19T19:06:37","slug":"kapcsolat","status":"publish","type":"page","link":"https:\/\/hun.amaruq-chimo.eu\/?page_id=12","title":{"rendered":"Kapcsolat"},"content":{"rendered":"<p><strong><br \/>\n<\/strong><\/p>\n<h2><strong> Telefon: +36-95\/463-000, +36-20\/4530448<\/strong><\/h2>\n<h2>E-mail:<\/h2>\n<ul>\n<li>\n<h2><strong>amaruq<\/strong><strong>@amaruq-chimo.eu<\/strong><\/h2>\n<\/li>\n<li>\n<h2><strong>amaruq.chimo@gmail.com<\/strong><\/h2>\n<\/li>\n<\/ul>\n<h2><strong>C\u00edm: 9674. Vashossz\u00fafalu, J\u00f3zsef Attila \u00fat 7.<\/strong><\/h2>\n<p><small><a style=\"color: #0000ff; text-align: left;\" href=\"http:\/\/maps.google.hu\/maps?f=q&amp;source=embed&amp;hl=hu&amp;geocode=&amp;q=9674.+Vashossz%C3%BAfalu,+J%C3%B3zsef+Attila+%C3%BAt+7.&amp;sll=47.15984,19.500732&amp;sspn=5.304157,14.27124&amp;ie=UTF8&amp;hq=&amp;hnear=9674+Vashossz%C3%BAfalu,+J%C3%B3zsef+Attila+utca&amp;ll=47.118796,17.066059&amp;spn=0.020442,0.042915&amp;z=14&amp;iwloc=A\">Nagyobb t\u00e9rk\u00e9pre v\u00e1lt\u00e1s<\/a><\/small><\/p>\n<p>&nbsp;<\/p>\n<p><!----[contact-form 1 \"Kapcsolat \u0171rlap 1\"]----><\/p>\n","protected":false},"excerpt":{"rendered":"<p>Telefon: +36-95\/463-000, +36-20\/4530448 E-mail: amaruq@amaruq-chimo.eu amaruq.chimo@gmail.com C\u00edm: 9674. Vashossz\u00fafalu, J\u00f3zsef Attila \u00fat 7. Nagyobb t\u00e9rk\u00e9pre v\u00e1lt\u00e1s &nbsp;<\/p>\n","protected":false},"author":2,"featured_media":0,"parent":0,"menu_order":10,"comment_status":"open","ping_status":"open","template":"","meta":{"ngg_post_thumbnail":0,"footnotes":""},"class_list":["post-12","page","type-page","status-publish","hentry"],"_links":{"self":[{"href":"https:\/\/hun.amaruq-chimo.eu\/index.php?rest_route=\/wp\/v2\/pages\/12","targetHints":{"allow":["GET"]}}],"collection":[{"href":"https:\/\/hun.amaruq-chimo.eu\/index.php?rest_route=\/wp\/v2\/pages"}],"about":[{"href":"https:\/\/hun.amaruq-chimo.eu\/index.php?rest_route=\/wp\/v2\/types\/page"}],"author":[{"embeddable":true,"href":"https:\/\/hun.amaruq-chimo.eu\/index.php?rest_route=\/wp\/v2\/users\/2"}],"replies":[{"embeddable":true,"href":"https:\/\/hun.amaruq-chimo.eu\/index.php?rest_route=%2Fwp%2Fv2%2Fcomments&post=12"}],"version-history":[{"count":14,"href":"https:\/\/hun.amaruq-chimo.eu\/index.php?rest_route=\/wp\/v2\/pages\/12\/revisions"}],"predecessor-version":[{"id":6802,"href":"https:\/\/hun.amaruq-chimo.eu\/index.php?rest_route=\/wp\/v2\/pages\/12\/revisions\/6802"}],"wp:attachment":[{"href":"https:\/\/hun.amaruq-chimo.eu\/index.php?rest_route=%2Fwp%2Fv2%2Fmedia&parent=12"}],"curies":[{"name":"wp","href":"https:\/\/api.w.org\/{rel}","templated":true}]}}